f g.
5
Let p(q) be the third derivative of -q**6/120 + q**5/20 + 5*q**4/24 - q**3/3 + q**2. Let h be p(4). List the prime factors of (13 - 1) + -2 + h.
2, 3
Suppose 6*h - 9*h = -15. Let m(f) = f**3 - 4*f**2 + f + 4. What are the prime factors of m(h)?
2, 17
Suppose -3*q = -2*q. List the prime factors of 14 - (2 - q/2).
2, 3
Let c(r) = -3*r**2 - 2*r - 1. Let p be c(-1). Let i(n) = n**3 - 4*n**2 - 2*n + 2. Let z be i(p). What are the prime factors of 6 + -8 + z/(-2)?
7
Let s(l) = -l**3 - l**2 + 2*l + 1. Let h be s(2). Let o(i) = -6*i - 4. What are the prime factors of o(h)?
2, 19
Suppose 38 + 12 = 5*t + 5*p, -3*p + 6 = -t. Let r be 2/6 - 1/3. Suppose r = -o + 15 - t. List the prime factors of o.
3
Suppose -6 = -2*a + 2. List the prime factors of a.
2
Let s(q) = -q**3 - 7*q**2 - 7*q - 5. Let v be s(-6). Let b = -7 + v. Let n(m) = -m**2 - 6*m + 7. List the prime factors of n(b).
7
Let h = -2 + 7. List the prime factors of 67/h - 9/(-15).
2, 7
Let r(j) = 3*j + 3 - j**2 - 2 + 4*j. Let f = 0 - -6. List the prime factors of r(f).
7
List the prime factors of 4/8*-2*-17.
17
List the prime factors of 6/4*(1 - -5).
3
Let u be 144/(-30)*(-210)/4. Suppose 5*h + 62 = u. Suppose h = 3*y + 11. What are the prime factors of y?
3
Let s(r) = -r**3 - 5*r**2 + 3*r - 4. Let a = -19 - -13. Let x be s(a). Suppose 3*f + q = x, 2*f - 3*f = q - 6. What are the prime factors of f?
2
List the prime factors of 576/(0 - -3) - (4 + -8).
2, 7
Suppose -3*n + 22 = 3*r - 4*r, 4*n + 4*r - 40 = 0. Let c = n - -1. List the prime factors of c.
3
Let d = 38 - -16. List the prime factors of d.
2, 3
Suppose 22*v = 12*v + 780. What are the prime factors of v?
2, 3, 13
Suppose 0 = 3*u + 2*b - 8, -2*b + 8 = 4*u - 2*u. Let x(k) = -k + 4. List the prime factors of x(u).
2
Let s = 1 + -1. Suppose -3*i = 5*v - 55, s = 5*v - 10*v - 2*i + 50. What are the prime factors of v?
2
Let n be 0 - (-4 + 2 - 2). Suppose z - 10 = -3*b, -z = 2*b - n*b + 15. What are the prime factors of b?
5
Let z(f) = -f**3 + 5*f**2 - 4*f + 2. Let i(u) = 8*u**3 - 2*u**2 - 2*u + 2. Let k be i(-2). Let n be (-4)/10 - k/15. List the prime factors of z(n).
2
Let s = -8 - -24. Suppose 2*g - 64 = 4*u - s, 0 = g + 2*u - 44. Suppose -5*p = a - 16, -5*a + 0*a = 2*p - g. List the prime factors of a.
2, 3
Let m(n) = -2*n**3 - 4*n**2 - 9*n - 7. What are the prime factors of m(-3)?
2, 19
Let b(z) = 17*z**2 + 6*z - 7. Let y(x) = -34*x**2 - 11*x + 13. Let u(c) = -11*b(c) - 6*y(c). What are the prime factors of u(1)?
2
Let b(a) = 48*a**2 - 2*a - 1. Let i be b(-1). Let d = i + -34. What are the prime factors of d?
3, 5
Let g(r) = -r**2 + 4*r + 362. What are the prime factors of g(0)?
2, 181
Suppose 5*j = -25 - 5. Let z be ((-15)/(-2))/(j/(-8)). Let s = z + 2. What are the prime factors of s?
2, 3
Suppose 0 = -q - 2*h + 7, -2*h - 3*h = 3*q - 18. What are the prime factors of q + ((-42)/(-3) - 2)?
13
List the prime factors of 186*(11/2)/11.
3, 31
Let c = -27 + 18. Let h be 76/10 - c/(-15). Suppose 5*q - 5*g - 35 = 0, 5*g + h = -3. What are the prime factors of q?
5
Let z(i) = 2 + 0*i + 5 - 8*i**2 + i**3 - 9*i + 0*i. List the prime factors of z(9).
7
Suppose -6 = 2*v - 0*v - 2*f, -7 = 4*v - 3*f. Suppose 0*h - 20 = 2*h - 5*m, -v*h = 3*m + 20. Let p = 15 + h. What are the prime factors of p?
5
Let b(s) = 19*s + 2. What are the prime factors of b(2)?
2, 5
Suppose 4*i - 6*i - 4*t = -396, 0 = -4*t - 20. List the prime factors of i.
2, 13
Suppose 0 = -4*t + 3*s + 27, t = -4*t + 3*s + 30. Suppose t*b = 8*b - 60. List the prime factors of b.
2, 3
Let q = 8 - 8. Suppose v - 10 - 6 = q. List the prime factors of v.
2
Let v(s) be the third derivative of -s**6/120 - s**5/12 - 5*s**4/24 + s**3/3 + s**2. What are the prime factors of v(-4)?
2, 3
Let t = -4 + 4. Let y(c) = -c**3 - c**2 - c + 3. What are the prime factors of y(t)?
3
Let f(n) = 2*n**2 + 6*n - 44. List the prime factors of f(-15).
2, 79
Let t(m) = -8*m - 4. List the prime factors of t(-3).
2, 5
Let i(t) = -2*t - 4. List the prime factors of i(-6).
2
What are the prime factors of 6/(-9) + (-1772)/(-12)?
3, 7
Let i = 142 + -100. Suppose 2*g = 5*g - i. Suppose -2*u + 10 = 3*z, z - 2*u - g = -0*z. List the prime factors of z.
2, 3
Let z = 32 + 8. What are the prime factors of (z/(-5))/((-1)/4)?
2
Let g(s) = -15*s - 15. What are the prime factors of g(-4)?
3, 5
List the prime factors of 4*(6/4 - -3).
2, 3
Suppose -8*h + 12*h = 1120. List the prime factors of h.
2, 5, 7
List the prime factors of (76/5)/((-2)/(-5)).
2, 19
Suppose 6*h - 145 = h - 4*c, 0 = -c. Suppose 0 = -5*u + h + 216. List the prime factors of u.
7
Suppose 22 = 2*h - 5*f - 55, -2*h - 4*f + 50 = 0. Let u = h + 22. Suppose u = 4*x + 5*c, 5 = -0*c + c. List the prime factors of x.
7
What are the prime factors of 321*(-4 - 2)/(-6)?
3, 107
Let t(s) = 2*s**2 + 2*s + 2. Let f be t(-2). Suppose -n - f = -2. Let h = n - -14. List the prime factors of h.
2, 5
Let j = 75 - 66. What are the prime factors of j?
3
Suppose -4*z = -5*w + 166, -w - w + 73 = 5*z. What are the prime factors of w?
2, 17
Let q = -9 + 6. Let k be (4/(-10))/(q/30). Let b(p) = p - 1. List the prime factors of b(k).
3
List the prime factors of 21/28 + 225/4.
3, 19
Let l = -534 + 235. What are the prime factors of 2/(-9) + l/(-9)?
3, 11
Suppose 124 = -a + 3*a. Let c = a + -36. What are the prime factors of c?
2, 13
Suppose 2*t - 30 = -2*v + 144, 5*v = -4*t + 439. What are the prime factors of v?
7, 13
Suppose 3*x - 250 = -y, -2*x + 340 = 2*x - 2*y. List the prime factors of x.
2, 3, 7
Let k = 179 + -61. What are the prime factors of k?
2, 59
Let q = -7 - -7. Suppose q = -2*n - 3*o + 1 + 14, 2*o = -5*n + 21. Suppose 7*z - n*z = 48. What are the prime factors of z?
2, 3
Let w(l) = 12*l - 21. What are the prime factors of w(5)?
3, 13
Suppose -6*t + 5*t - 10 = 0. List the prime factors of ((-12)/t)/((-3)/(-30)).
2, 3
Suppose -3*n + 5*b + 102 = 0, 0 = -3*b + 3 - 12. Suppose 0 = -4*q + n + 27. What are the prime factors of q?
2, 7
Let p(x) be the first derivative of x**4/4 + 4*x**3/3 - 5*x**2/2 + 3*x - 1. Suppose 2*r + 5 = r. What are the prime factors of p(r)?
3
Let p = 107 - 26. What are the prime factors of p?
3
Let u = -188 - -297. What are the prime factors of u?
109
Let w(k) = k + 8. What are the prime factors of w(0)?
2
Let f be 1 - (-2 + 1 - 8). Let u be (-8)/f*(-300)/8. Suppose 3*v = -0*v + u. List the prime factors of v.
2, 5
Suppose 9 = -0*p + 3*p - 3*k, -19 = -p - 3*k. Let m = -2 + p. Suppose -46 = -5*a - f + m, -3*a + 2*f + 28 = 0. What are the prime factors of a?
2, 5
Let z(c) = -c**2 + 7*c - 3. What are the prime factors of z(6)?
3
What are the prime factors of ((-6)/(-4))/((-12)/(-176))?
2, 11
Let n(f) = -6*f + 22. List the prime factors of n(-6).
2, 29
Suppose 2*b = -2*d + 8, 2*b = -2*b + 3*d + 9. Suppose 4*o - 3*p = -7 + 72, b*o = -2*p + 70. What are the prime factors of o?
2, 5
Let i(t) = t + 12. Let p be i(-10). Suppose -2*f - 10 = 5*a, f = -2*a - 2 - p. Suppose f*n + 2*n = 10. List the prime factors of n.
5
Let y be 4/(-6) - (-28)/6. Suppose -y*u - w + 15 + 35 = 0, -u + w + 10 = 0. List the prime factors of u.
2, 3
Suppose 17 + 53 = 5*d. Suppose 0 = -4*s - 0*s - 16. Let m = d + s. List the prime factors of m.
2, 5
Suppose 4*i + x + 171 = 0, -3*x + 21 = -i - 25. Let r = 61 + i. List the prime factors of r.
2, 3
What are the prime factors of (-203)/14*(-9 + -1)?
5, 29
Let a be (-2)/(-7) + (-210)/49. What are the prime factors of 6/a*(-68)/3?
2, 17
Let c = 44 - 17. Suppose k + c = 5*d, 24 = d + 3*d - 2*k. Suppose 3*s - 2*n - 52 = -n, -d*s + 89 = -4*n. What are the prime factors of s?
17
Suppose 2*c = -2*c - 5*j + 36, 4*c = 3*j + 4. Suppose 0 = -4*s + 65 - 21. Suppose c*k - w = 17, 2 = 2*k - 5*w - s. What are the prime factors of k?
2
Suppose -7*j = -10*j + 105. List the prime factors of j.
5, 7
Let g(p) = -p. Let m(s) = -5*s + 2. Let n(h) = -4*g(h) + m(h). Let i be n(-3). Suppose -5*u - 5 = 0, -6*u - 11 = -q - i*u. List the prime factors of q.
2, 5
Suppose 108 = 6*z - 4*z. What are the prime factors of z?
2, 3
Let w(m) = 26*m - 9. What are the prime factors of w(3)?
3, 23
Let f(n) = 7*n**3 + n**2 + n - 2. Let a be f(-2). Let c = 4 - a. Suppose -3*b = 3*z - c, 58 = b + 2*b + 2*z. List the prime factors of b.
2, 3
List the prime factors of 4/10 + (-1366)/(-10